{"id":95572,"date":"2021-10-05T02:10:06","date_gmt":"2021-10-05T02:10:06","guid":{"rendered":"https:\/\/espaciocultural.ciudaddemendoza.gob.ar\/?page_id=95572"},"modified":"2021-12-03T16:24:39","modified_gmt":"2021-12-03T16:24:39","slug":"sala","status":"publish","type":"page","link":"https:\/\/espaciocultural.ciudaddemendoza.gob.ar\/?page_id=95572","title":{"rendered":"Sala"},"content":{"rendered":"\t\t<div data-elementor-type=\"wp-page\" data-elementor-id=\"95572\" class=\"elementor elementor-95572\">\n\t\t\t\t\t\t\t\t\t<section class=\"elementor-section elementor-top-section elementor-element elementor-element-e403089 elementor-section-boxed elementor-section-height-default elementor-section-height-default\" data-id=\"e403089\" data-element_type=\"section\" id=\"requisitos\" data-settings=\"{&quot;background_background&quot;:&quot;classic&quot;}\">\n\t\t\t\t\t\t<div class=\"elementor-container elementor-column-gap-default\">\n\t\t\t\t\t<div class=\"elementor-column elementor-col-100 elementor-top-column elementor-element elementor-element-349a17e\" data-id=\"349a17e\" data-element_type=\"column\" data-settings=\"{&quot;background_background&quot;:&quot;classic&quot;}\">\n\t\t\t<div class=\"elementor-widget-wrap elementor-element-populated\">\n\t\t\t\t\t\t\t\t<section class=\"elementor-section elementor-inner-section elementor-element elementor-element-c770fe2 elementor-section-boxed elementor-section-height-default elementor-section-height-default\" data-id=\"c770fe2\" data-element_type=\"section\">\n\t\t\t\t\t\t<div class=\"elementor-container elementor-column-gap-default\">\n\t\t\t\t\t<div class=\"elementor-column elementor-col-100 elementor-inner-column elementor-element elementor-element-bdfda89\" data-id=\"bdfda89\" data-element_type=\"column\">\n\t\t\t<div class=\"elementor-widget-wrap elementor-element-populated\">\n\t\t\t\t\t\t\t\t<div class=\"elementor-element elementor-element-9ccb19c animated-slow elementor-invisible elementor-widget elementor-widget-heading\" data-id=\"9ccb19c\" data-element_type=\"widget\" data-settings=\"{&quot;_animation&quot;:&quot;fadeIn&quot;,&quot;_animation_delay&quot;:500}\" data-widget_type=\"heading.default\">\n\t\t\t\t<div class=\"elementor-widget-container\">\n\t\t\t<h2 class=\"elementor-heading-title elementor-size-default\">Sala<\/h2>\t\t<\/div>\n\t\t\t\t<\/div>\n\t\t\t\t<div class=\"elementor-element elementor-element-b33dfc2 elementor-widget elementor-widget-image\" data-id=\"b33dfc2\" data-element_type=\"widget\" data-widget_type=\"image.default\">\n\t\t\t\t<div class=\"elementor-widget-container\">\n\t\t\t\t\t\t\t\t\t\t\t\t\t\t\t<img loading=\"lazy\" decoding=\"async\" width=\"1600\" height=\"1068\" src=\"https:\/\/espaciocultural.ciudaddemendoza.gob.ar\/wp-content\/uploads\/2021\/10\/DSC_0973.jpg\" class=\"attachment-full size-full wp-image-95795\" alt=\"\" srcset=\"https:\/\/espaciocultural.ciudaddemendoza.gob.ar\/wp-content\/uploads\/2021\/10\/DSC_0973.jpg 1600w, https:\/\/espaciocultural.ciudaddemendoza.gob.ar\/wp-content\/uploads\/2021\/10\/DSC_0973-300x200.jpg 300w, https:\/\/espaciocultural.ciudaddemendoza.gob.ar\/wp-content\/uploads\/2021\/10\/DSC_0973-1024x684.jpg 1024w, https:\/\/espaciocultural.ciudaddemendoza.gob.ar\/wp-content\/uploads\/2021\/10\/DSC_0973-768x513.jpg 768w, https:\/\/espaciocultural.ciudaddemendoza.gob.ar\/wp-content\/uploads\/2021\/10\/DSC_0973-391x260.jpg 391w, https:\/\/espaciocultural.ciudaddemendoza.gob.ar\/wp-content\/uploads\/2021\/10\/DSC_0973-1536x1025.jpg 1536w\" sizes=\"auto, (max-width: 1600px) 100vw, 1600px\" \/>\t\t\t\t\t\t\t\t\t\t\t\t\t\t\t<\/div>\n\t\t\t\t<\/div>\n\t\t\t\t<div class=\"elementor-element elementor-element-94e5736 animated-slow elementor-widget elementor-widget-heading\" data-id=\"94e5736\" data-element_type=\"widget\" data-settings=\"{&quot;_animation&quot;:&quot;none&quot;,&quot;_animation_delay&quot;:500}\" data-widget_type=\"heading.default\">\n\t\t\t\t<div class=\"elementor-widget-container\">\n\t\t\t<span class=\"elementor-heading-title elementor-size-default\">Cuenta con espacios accesibles, adem\u00e1s la sala posee tecnolog\u00eda totalmente nueva y de avanzada para el espect\u00e1culo, contemplando los \u00faltimos desarrollos tecnol\u00f3gicos en el campo del sonido y la iluminaci\u00f3n, con equipamiento y perif\u00e9ricos totalmente digitales, permitiendo de esta manera, estar al alcance de nuevas y modernas puestas esc\u00e9nicas en el campo del teatro, la m\u00fasica y la danza, entre otras.<br><br>\nEn el rubro iluminaci\u00f3n esc\u00e9nica el teatro posee todos sus artefactos con tecnolog\u00eda LED y potencia adecuada para las dimensiones del escenario, instalados en un sistema de varas fijas, de forma vers\u00e1til para poder desplegar ilimitados dise\u00f1os de puestas lum\u00ednicas, controladas con consola digital y soporte de PC notebook.<br><br>\nEn cuanto al sonido para el espect\u00e1culo el teatro posee un sistema auto-potenciado compacto de 2 v\u00edas, instalado en formato conocido como \u201cflying\u201d (volado), y su respectivo complementario de la marca para reproducci\u00f3n de frecuencias graves (subwoofer), con consola digital y soporte de PC notebook. Se agrega a esto un sistema de 4 monitores auto-potenciados especiales para escenario, para monitoreo de artistas, como as\u00ed tambi\u00e9n una microfon\u00eda profesional para cubrir distintos riders de propuestas acordes a esta sala.<br><br>\nPara las im\u00e1genes, audiovisuales, multimedia, conferencias, talleres, cursos, etc, contamos tambi\u00e9n con un proyector multimedia, el cual puede ser ubicado en cualquier sitio del escenario seg\u00fan lo requiera la producci\u00f3n del evento o la puesta. Adem\u00e1s contamos con un fondo de escenario \u201cciclorama fijo\u201d, el cual tiene las mismas dimensiones del escenario en su ancho y alto, pudi\u00e9ndose cubrir con tel\u00f3n negro de fondo o dejarlo descubierto para proyecciones.<\/span>\t\t<\/div>\n\t\t\t\t<\/div>\n\t\t\t\t\t<\/div>\n\t\t<\/div>\n\t\t\t\t\t\t\t<\/div>\n\t\t<\/section>\n\t\t\t\t<div class=\"elementor-element elementor-element-cfe0de3 elementor-widget elementor-widget-html\" data-id=\"cfe0de3\" data-element_type=\"widget\" data-widget_type=\"html.default\">\n\t\t\t\t<div class=\"elementor-widget-container\">\n\t\t\t<style>.jupiterx-main-content {\r\n    padding: 0px;\r\n}\r\ndiv#jupiterx-primary {\r\n    padding: 0px;\r\n}\r\n.container-fluid {\r\n    padding: 0px;\r\n}\r\narticle#\\39 {\r\n    margin-top: -15px;\r\n}\r\n<\/style>\t\t<\/div>\n\t\t\t\t<\/div>\n\t\t\t\t\t<\/div>\n\t\t<\/div>\n\t\t\t\t\t\t\t<\/div>\n\t\t<\/section>\n\t\t\t\t\t\t\t<\/div>\n\t\t","protected":false},"excerpt":{"rendered":"<p>Sala Cuenta con espacios accesibles, adem\u00e1s la sala posee tecnolog\u00eda totalmente nueva y de avanzada para el espect\u00e1culo, contemplando los \u00faltimos desarrollos tecnol\u00f3gicos en el campo del sonido y la iluminaci\u00f3n, con equipamiento y perif\u00e9ricos totalmente digitales, permitiendo de esta manera, estar al alcance de nuevas y modernas puestas esc\u00e9nicas en el campo del teatro, [&hellip;]<\/p>\n","protected":false},"author":1,"featured_media":0,"parent":255,"menu_order":0,"comment_status":"closed","ping_status":"closed","template":"","meta":{"om_disable_all_campaigns":false,"_mi_skip_tracking":false,"_monsterinsights_sitenote_active":false,"_monsterinsights_sitenote_note":"","_monsterinsights_sitenote_category":0,"_mc_calendar":[],"footnotes":""},"class_list":["post-95572","page","type-page","status-publish","hentry"],"acf":[],"aioseo_notices":[],"_links":{"self":[{"href":"https:\/\/espaciocultural.ciudaddemendoza.gob.ar\/index.php?rest_route=\/wp\/v2\/pages\/95572","targetHints":{"allow":["GET"]}}],"collection":[{"href":"https:\/\/espaciocultural.ciudaddemendoza.gob.ar\/index.php?rest_route=\/wp\/v2\/pages"}],"about":[{"href":"https:\/\/espaciocultural.ciudaddemendoza.gob.ar\/index.php?rest_route=\/wp\/v2\/types\/page"}],"author":[{"embeddable":true,"href":"https:\/\/espaciocultural.ciudaddemendoza.gob.ar\/index.php?rest_route=\/wp\/v2\/users\/1"}],"replies":[{"embeddable":true,"href":"https:\/\/espaciocultural.ciudaddemendoza.gob.ar\/index.php?rest_route=%2Fwp%2Fv2%2Fcomments&post=95572"}],"version-history":[{"count":25,"href":"https:\/\/espaciocultural.ciudaddemendoza.gob.ar\/index.php?rest_route=\/wp\/v2\/pages\/95572\/revisions"}],"predecessor-version":[{"id":97002,"href":"https:\/\/espaciocultural.ciudaddemendoza.gob.ar\/index.php?rest_route=\/wp\/v2\/pages\/95572\/revisions\/97002"}],"up":[{"embeddable":true,"href":"https:\/\/espaciocultural.ciudaddemendoza.gob.ar\/index.php?rest_route=\/wp\/v2\/pages\/255"}],"wp:attachment":[{"href":"https:\/\/espaciocultural.ciudaddemendoza.gob.ar\/index.php?rest_route=%2Fwp%2Fv2%2Fmedia&parent=95572"}],"curies":[{"name":"wp","href":"https:\/\/api.w.org\/{rel}","templated":true}]}}

<div data-elementor-type="wp-page" data-elementor-id="95572" class="elementor elementor-95572">
									<section class="elementor-section elementor-top-section elementor-element elementor-element-e403089 elementor-section-boxed elementor-section-height-default elementor-section-height-default" data-id="e403089" data-element_type="section" id="requisitos" data-settings="{&quot;background_background&quot;:&quot;classic&quot;}">
						<div class="elementor-container elementor-column-gap-default">
					<div class="elementor-column elementor-col-100 elementor-top-column elementor-element elementor-element-349a17e" data-id="349a17e" data-element_type="column" data-settings="{&quot;background_background&quot;:&quot;classic&quot;}">
			<div class="elementor-widget-wrap elementor-element-populated">
								<section class="elementor-section elementor-inner-section elementor-element elementor-element-c770fe2 elementor-section-boxed elementor-section-height-default elementor-section-height-default" data-id="c770fe2" data-element_type="section">
						<div class="elementor-container elementor-column-gap-default">
					<div class="elementor-column elementor-col-100 elementor-inner-column elementor-element elementor-element-bdfda89" data-id="bdfda89" data-element_type="column">
			<div class="elementor-widget-wrap elementor-element-populated">
								<div class="elementor-element elementor-element-9ccb19c animated-slow elementor-invisible elementor-widget elementor-widget-heading" data-id="9ccb19c" data-element_type="widget" data-settings="{&quot;_animation&quot;:&quot;fadeIn&quot;,&quot;_animation_delay&quot;:500}" data-widget_type="heading.default">
				<div class="elementor-widget-container">
			<h2 class="elementor-heading-title elementor-size-default">Sala</h2>		</div>
				</div>
				<div class="elementor-element elementor-element-b33dfc2 elementor-widget elementor-widget-image" data-id="b33dfc2" data-element_type="widget" data-widget_type="image.default">
				<div class="elementor-widget-container">
															<img loading="lazy" decoding="async" width="1600" height="1068" src="https://espaciocultural.ciudaddemendoza.gob.ar/wp-content/uploads/2021/10/DSC_0973.jpg" class="attachment-full size-full wp-image-95795" alt="" srcset="https://espaciocultural.ciudaddemendoza.gob.ar/wp-content/uploads/2021/10/DSC_0973.jpg 1600w, https://espaciocultural.ciudaddemendoza.gob.ar/wp-content/uploads/2021/10/DSC_0973-300x200.jpg 300w, https://espaciocultural.ciudaddemendoza.gob.ar/wp-content/uploads/2021/10/DSC_0973-1024x684.jpg 1024w, https://espaciocultural.ciudaddemendoza.gob.ar/wp-content/uploads/2021/10/DSC_0973-768x513.jpg 768w, https://espaciocultural.ciudaddemendoza.gob.ar/wp-content/uploads/2021/10/DSC_0973-391x260.jpg 391w, https://espaciocultural.ciudaddemendoza.gob.ar/wp-content/uploads/2021/10/DSC_0973-1536x1025.jpg 1536w" sizes="auto, (max-width: 1600px) 100vw, 1600px" />															</div>
				</div>
				<div class="elementor-element elementor-element-94e5736 animated-slow elementor-widget elementor-widget-heading" data-id="94e5736" data-element_type="widget" data-settings="{&quot;_animation&quot;:&quot;none&quot;,&quot;_animation_delay&quot;:500}" data-widget_type="heading.default">
				<div class="elementor-widget-container">
			<span class="elementor-heading-title elementor-size-default">Cuenta con espacios accesibles, además la sala posee tecnología totalmente nueva y de avanzada para el espectáculo, contemplando los últimos desarrollos tecnológicos en el campo del sonido y la iluminación, con equipamiento y periféricos totalmente digitales, permitiendo de esta manera, estar al alcance de nuevas y modernas puestas escénicas en el campo del teatro, la música y la danza, entre otras.<br><br>
En el rubro iluminación escénica el teatro posee todos sus artefactos con tecnología LED y potencia adecuada para las dimensiones del escenario, instalados en un sistema de varas fijas, de forma versátil para poder desplegar ilimitados diseños de puestas lumínicas, controladas con consola digital y soporte de PC notebook.<br><br>
En cuanto al sonido para el espectáculo el teatro posee un sistema auto-potenciado compacto de 2 vías, instalado en formato conocido como “flying” (volado), y su respectivo complementario de la marca para reproducción de frecuencias graves (subwoofer), con consola digital y soporte de PC notebook. Se agrega a esto un sistema de 4 monitores auto-potenciados especiales para escenario, para monitoreo de artistas, como así también una microfonía profesional para cubrir distintos riders de propuestas acordes a esta sala.<br><br>
Para las imágenes, audiovisuales, multimedia, conferencias, talleres, cursos, etc, contamos también con un proyector multimedia, el cual puede ser ubicado en cualquier sitio del escenario según lo requiera la producción del evento o la puesta. Además contamos con un fondo de escenario “ciclorama fijo”, el cual tiene las mismas dimensiones del escenario en su ancho y alto, pudiéndose cubrir con telón negro de fondo o dejarlo descubierto para proyecciones.</span>		</div>
				</div>
					</div>
		</div>
							</div>
		</section>
				<div class="elementor-element elementor-element-cfe0de3 elementor-widget elementor-widget-html" data-id="cfe0de3" data-element_type="widget" data-widget_type="html.default">
				<div class="elementor-widget-container">
			<style>.jupiterx-main-content {
    padding: 0px;
}
div#jupiterx-primary {
    padding: 0px;
}
.container-fluid {
    padding: 0px;
}
article#\39 {
    margin-top: -15px;
}
</style>		</div>
				</div>
					</div>
		</div>
							</div>
		</section>
							</div>

<p>Sala Cuenta con espacios accesibles, además la sala posee tecnología totalmente nueva y de avanzada para el espectáculo, contemplando los últimos desarrollos tecnológicos en el campo del sonido y la iluminación, con equipamiento y periféricos totalmente digitales, permitiendo de esta manera, estar al alcance de nuevas y modernas puestas escénicas en el campo del teatro, [&hellip;]</p>
