{"id":95590,"date":"2021-10-05T02:16:30","date_gmt":"2021-10-05T02:16:30","guid":{"rendered":"https:\/\/espaciocultural.ciudaddemendoza.gob.ar\/?page_id=95590"},"modified":"2021-10-14T21:00:41","modified_gmt":"2021-10-14T21:00:41","slug":"solicitud-de-audiencia","status":"publish","type":"page","link":"https:\/\/espaciocultural.ciudaddemendoza.gob.ar\/?page_id=95590","title":{"rendered":"Solicitud de audiencia"},"content":{"rendered":"\t\t<div data-elementor-type=\"wp-page\" data-elementor-id=\"95590\" class=\"elementor elementor-95590\">\n\t\t\t\t\t\t\t\t\t<section class=\"elementor-section elementor-top-section elementor-element elementor-element-e403089 elementor-section-boxed elementor-section-height-default elementor-section-height-default\" data-id=\"e403089\" data-element_type=\"section\" id=\"requisitos\" data-settings=\"{&quot;background_background&quot;:&quot;classic&quot;}\">\n\t\t\t\t\t\t<div class=\"elementor-container elementor-column-gap-default\">\n\t\t\t\t\t<div class=\"elementor-column elementor-col-100 elementor-top-column elementor-element elementor-element-349a17e\" data-id=\"349a17e\" data-element_type=\"column\" data-settings=\"{&quot;background_background&quot;:&quot;classic&quot;}\">\n\t\t\t<div class=\"elementor-widget-wrap elementor-element-populated\">\n\t\t\t\t\t\t\t\t<section class=\"elementor-section elementor-inner-section elementor-element elementor-element-c770fe2 elementor-section-boxed elementor-section-height-default elementor-section-height-default\" data-id=\"c770fe2\" data-element_type=\"section\">\n\t\t\t\t\t\t<div class=\"elementor-container elementor-column-gap-default\">\n\t\t\t\t\t<div class=\"elementor-column elementor-col-100 elementor-inner-column elementor-element elementor-element-bdfda89\" data-id=\"bdfda89\" data-element_type=\"column\">\n\t\t\t<div class=\"elementor-widget-wrap elementor-element-populated\">\n\t\t\t\t\t\t\t\t<div class=\"elementor-element elementor-element-94e5736 animated-slow elementor-widget elementor-widget-heading\" data-id=\"94e5736\" data-element_type=\"widget\" data-settings=\"{&quot;_animation&quot;:&quot;none&quot;,&quot;_animation_delay&quot;:500}\" data-widget_type=\"heading.default\">\n\t\t\t\t<div class=\"elementor-widget-container\">\n\t\t\t<span class=\"elementor-heading-title elementor-size-default\">Para solicitar audiencia para Programaci\u00f3n en la sala Teatro Quintanilla, te pedimos completes el siguiente formulario:\n\n<\/span>\t\t<\/div>\n\t\t\t\t<\/div>\n\t\t\t\t<div class=\"elementor-element elementor-element-f1cb98d elementor-widget elementor-widget-image\" data-id=\"f1cb98d\" data-element_type=\"widget\" data-widget_type=\"image.default\">\n\t\t\t\t<div class=\"elementor-widget-container\">\n\t\t\t\t\t\t\t\t\t\t\t\t\t\t\t<img loading=\"lazy\" decoding=\"async\" width=\"1024\" height=\"321\" src=\"https:\/\/espaciocultural.ciudaddemendoza.gob.ar\/wp-content\/uploads\/2021\/10\/image_2021-10-13_211100-1024x321.png\" class=\"attachment-large size-large wp-image-95825\" alt=\"\" srcset=\"https:\/\/espaciocultural.ciudaddemendoza.gob.ar\/wp-content\/uploads\/2021\/10\/image_2021-10-13_211100-1024x321.png 1024w, https:\/\/espaciocultural.ciudaddemendoza.gob.ar\/wp-content\/uploads\/2021\/10\/image_2021-10-13_211100-300x94.png 300w, https:\/\/espaciocultural.ciudaddemendoza.gob.ar\/wp-content\/uploads\/2021\/10\/image_2021-10-13_211100-768x241.png 768w, https:\/\/espaciocultural.ciudaddemendoza.gob.ar\/wp-content\/uploads\/2021\/10\/image_2021-10-13_211100.png 1508w\" sizes=\"auto, (max-width: 1024px) 100vw, 1024px\" \/>\t\t\t\t\t\t\t\t\t\t\t\t\t\t\t<\/div>\n\t\t\t\t<\/div>\n\t\t\t\t\t<\/div>\n\t\t<\/div>\n\t\t\t\t\t\t\t<\/div>\n\t\t<\/section>\n\t\t\t\t<div class=\"elementor-element elementor-element-052daf1 elementor-widget elementor-widget-shortcode\" data-id=\"052daf1\" data-element_type=\"widget\" data-widget_type=\"shortcode.default\">\n\t\t\t\t<div class=\"elementor-widget-container\">\n\t\t\t\t\t<div class=\"elementor-shortcode\">\n<div class=\"wpcf7 no-js\" id=\"wpcf7-f95949-o1\" lang=\"es-ES\" dir=\"ltr\">\n<div class=\"screen-reader-response\"><p role=\"status\" aria-live=\"polite\" aria-atomic=\"true\"><\/p> <ul><\/ul><\/div>\n<form action=\"\/index.php?rest_route=%2Fwp%2Fv2%2Fpages%2F95590#wpcf7-f95949-o1\" method=\"post\" class=\"wpcf7-form init\" aria-label=\"Formulario de contacto\" enctype=\"multipart\/form-data\" novalidate=\"novalidate\" data-status=\"init\">\n<div style=\"display: none;\">\n<input type=\"hidden\" name=\"_wpcf7\" value=\"95949\" \/>\n<input type=\"hidden\" name=\"_wpcf7_version\" value=\"5.7.7\" \/>\n<input type=\"hidden\" name=\"_wpcf7_locale\" value=\"es_ES\" \/>\n<input type=\"hidden\" name=\"_wpcf7_unit_tag\" value=\"wpcf7-f95949-o1\" \/>\n<input type=\"hidden\" name=\"_wpcf7_container_post\" value=\"0\" \/>\n<input type=\"hidden\" name=\"_wpcf7_posted_data_hash\" value=\"\" \/>\n<\/div>\n<p><label> Nombre y Apellido del solicitante*<br \/>\n<span class=\"wpcf7-form-control-wrap\" data-name=\"your-nombreyapellido\"><input size=\"40\" class=\"wpcf7-form-control wpcf7-text wpcf7-validates-as-required\" aria-required=\"true\" aria-invalid=\"false\" placeholder=\"Esta persona ser\u00e1 la \u00fanica persona que se contactar\u00e1 para la audiencia de solicitud y tendr\u00e1 a su cargo las responsabilidades del espacio\" value=\"\" type=\"text\" name=\"your-nombreyapellido\" \/><\/span> <\/label>\n<\/p>\n<p><label> Rol dentro del grupo*<br \/>\n<span class=\"wpcf7-form-control-wrap\" data-name=\"your-rol\"><input size=\"40\" class=\"wpcf7-form-control wpcf7-text wpcf7-validates-as-required\" aria-required=\"true\" aria-invalid=\"false\" placeholder=\"Director\/a, Productor\/a, etc.\" value=\"\" type=\"text\" name=\"your-rol\" \/><\/span> <\/label>\n<\/p>\n<p><label> DNI (n\u00famero)*<br \/>\n<span class=\"wpcf7-form-control-wrap\" data-name=\"DNI\"><input class=\"wpcf7-form-control wpcf7-number wpcf7-validates-as-required wpcf7-validates-as-number\" aria-required=\"true\" aria-invalid=\"false\" value=\"\" type=\"number\" name=\"DNI\" \/><\/span> <\/label>\n<\/p>\n<p><label> DNI (Adjunto)*<br \/>\n<span class=\"wpcf7-form-control-wrap\" data-name=\"COPIADELDNI\"><input size=\"40\" class=\"wpcf7-form-control wpcf7-file wpcf7-validates-as-required\" accept=\"audio\/*,video\/*,image\/*\" aria-required=\"true\" aria-invalid=\"false\" type=\"file\" name=\"COPIADELDNI\" \/><\/span><\/label>\n<\/p>\n<p><label> Tel\u00e9fono*<br \/>\n<span class=\"wpcf7-form-control-wrap\" data-name=\"TELEFONO\"><input class=\"wpcf7-form-control wpcf7-number wpcf7-validates-as-required wpcf7-validates-as-number\" aria-required=\"true\" aria-invalid=\"false\" value=\"\" type=\"number\" name=\"TELEFONO\" \/><\/span> <\/label>\n<\/p>\n<p><label> E-mail*<br \/>\n<span class=\"wpcf7-form-control-wrap\" data-name=\"email\"><input size=\"40\" class=\"wpcf7-form-control wpcf7-text wpcf7-email wpcf7-validates-as-required wpcf7-validates-as-email\" aria-required=\"true\" aria-invalid=\"false\" value=\"\" type=\"email\" name=\"email\" \/><\/span><\/label>\n<\/p>\n<p><label> Nombre del espect\u00e1culo*<br \/>\n<span class=\"wpcf7-form-control-wrap\" data-name=\"your-nombredelespectaculo\"><input size=\"40\" class=\"wpcf7-form-control wpcf7-text wpcf7-validates-as-required\" aria-required=\"true\" aria-invalid=\"false\" value=\"\" type=\"text\" name=\"your-nombredelespectaculo\" \/><\/span> <\/label>\n<\/p>\n<p><label> Disciplina*<br \/>\n<span class=\"wpcf7-form-control-wrap\" data-name=\"your-disciplina\"><input size=\"40\" class=\"wpcf7-form-control wpcf7-text wpcf7-validates-as-required\" aria-required=\"true\" aria-invalid=\"false\" value=\"\" type=\"text\" name=\"your-disciplina\" \/><\/span> <\/label>\n<\/p>\n<p><label> G\u00e9nero*<br \/>\n<span class=\"wpcf7-form-control-wrap\" data-name=\"your-genero\"><input size=\"40\" class=\"wpcf7-form-control wpcf7-text wpcf7-validates-as-required\" aria-required=\"true\" aria-invalid=\"false\" value=\"\" type=\"text\" name=\"your-genero\" \/><\/span> <\/label>\n<\/p>\n<p><label> Autor\/a*<br \/>\n<span class=\"wpcf7-form-control-wrap\" data-name=\"your-autor\"><input size=\"40\" class=\"wpcf7-form-control wpcf7-text wpcf7-validates-as-required\" aria-required=\"true\" aria-invalid=\"false\" placeholder=\"Deber\u00e1 contar con autorizaci\u00f3n o Derecho de Autor al momento de la realizaci\u00f3n del show\" value=\"\" type=\"text\" name=\"your-autor\" \/><\/span><\/label>\n<\/p>\n<p><label> Comprobante de autor\u00eda*<br \/>\n<span class=\"wpcf7-form-control-wrap\" data-name=\"comprobantedeautoria\"><input size=\"40\" class=\"wpcf7-form-control wpcf7-file wpcf7-validates-as-required\" accept=\"audio\/*,video\/*,image\/*\" aria-required=\"true\" aria-invalid=\"false\" type=\"file\" name=\"comprobantedeautoria\" \/><\/span><\/label>\n<\/p>\n<p><label> Registrada en Argentores*<br \/>\n<span class=\"wpcf7-form-control-wrap\" data-name=\"registroargentores\"><select class=\"wpcf7-form-control wpcf7-select wpcf7-validates-as-required\" aria-required=\"true\" aria-invalid=\"false\" name=\"registroargentores\"><option value=\"\">&#8212;Por favor, elige una opci\u00f3n&#8212;<\/option><option value=\"Si\">Si<\/option><option value=\"No\">No<\/option><\/select><\/span> <\/label>\n<\/p>\n<p><label> Comprobante de registro en Argentores <i>(En caso de ser autor\u00eda Propia, adjunte el registro en Argentores)<\/i><br \/>\n<span class=\"wpcf7-form-control-wrap\" data-name=\"comprobantedeautoria\"><input size=\"40\" class=\"wpcf7-form-control wpcf7-file\" accept=\"audio\/*,video\/*,image\/*\" aria-invalid=\"false\" type=\"file\" name=\"comprobantedeautoria\" \/><\/span><\/label>\n<\/p>\n<p><label> Impuestos* <i>(Deber\u00e1 presentar autorizaci\u00f3n e impuestos pagos de ARGENTORES, SADAIC y AADICAPIF al momento de realizar la funci\u00f3n o Bordereaux una vez finalizado el show seg\u00fan convenio con el Teatro Julio Quintanilla)<\/i><br \/>\n<span class=\"wpcf7-form-control-wrap\" data-name=\"impuestos\"><input size=\"40\" class=\"wpcf7-form-control wpcf7-file\" accept=\"audio\/*,video\/*,image\/*\" aria-invalid=\"false\" type=\"file\" name=\"impuestos\" \/><\/span><\/label>\n<\/p>\n<p><label> S\u00edntesis\/Rese\u00f1a*<br \/>\n<span class=\"wpcf7-form-control-wrap\" data-name=\"your-sintesis\"><input size=\"40\" class=\"wpcf7-form-control wpcf7-text wpcf7-validates-as-required\" aria-required=\"true\" aria-invalid=\"false\" value=\"\" type=\"text\" name=\"your-sintesis\" \/><\/span><\/label>\n<\/p>\n<p><label> Duraci\u00f3n* <i>(Expresada en minutos)<\/i><br \/>\n<span class=\"wpcf7-form-control-wrap\" data-name=\"duracion\"><input class=\"wpcf7-form-control wpcf7-number wpcf7-validates-as-required wpcf7-validates-as-number\" aria-required=\"true\" aria-invalid=\"false\" value=\"\" type=\"number\" name=\"duracion\" \/><\/span> <\/label>\n<\/p>\n<p><label> Edad recomendada*<br \/>\n<span class=\"wpcf7-form-control-wrap\" data-name=\"your-edadrecomendada\"><input size=\"40\" class=\"wpcf7-form-control wpcf7-text wpcf7-validates-as-required\" aria-required=\"true\" aria-invalid=\"false\" value=\"\" type=\"text\" name=\"your-edadrecomendada\" \/><\/span><\/label>\n<\/p>\n<p><label> Integrantes, grupo o elenco*<br \/>\n<span class=\"wpcf7-form-control-wrap\" data-name=\"your-elenco\"><input size=\"40\" class=\"wpcf7-form-control wpcf7-text wpcf7-validates-as-required\" aria-required=\"true\" aria-invalid=\"false\" placeholder=\"Detalle nombre, apellido y entre par\u00e9ntesis, rol de cada integrante\" value=\"\" type=\"text\" name=\"your-elenco\" \/><\/span><\/label>\n<\/p>\n<p><label> Cantidad de integrantes en escenario* <i>Detalle expresado en n\u00fameros, la cantidad de personas que act\u00faan en total en el escenario<\/i><br \/>\n<span class=\"wpcf7-form-control-wrap\" data-name=\"integrantesin\"><input class=\"wpcf7-form-control wpcf7-number wpcf7-validates-as-required wpcf7-validates-as-number\" aria-required=\"true\" aria-invalid=\"false\" value=\"\" type=\"number\" name=\"integrantesin\" \/><\/span> <\/label>\n<\/p>\n<p><label> Integrantes fuera de escenario* <i>Detalle aqu\u00ed todo personal que no act\u00fae en escenario pero que asista al teatro al momento de la funci\u00f3n o en ensayos (t\u00e9cnicos\/ as, productores\/ as.)<\/i><br \/>\n<span class=\"wpcf7-form-control-wrap\" data-name=\"integrantesoff\"><input class=\"wpcf7-form-control wpcf7-number wpcf7-validates-as-required wpcf7-validates-as-number\" aria-required=\"true\" aria-invalid=\"false\" value=\"\" type=\"number\" name=\"integrantesoff\" \/><\/span> <\/label>\n<\/p>\n<p><label> Audio\/Sonido<br \/>\n<span class=\"wpcf7-form-control-wrap\" data-name=\"your-audiosonido\"><input size=\"40\" class=\"wpcf7-form-control wpcf7-text\" aria-invalid=\"false\" placeholder=\"Describa las necesidades t\u00e9cnicas de SONIDO\/ AUDIO que requiere su show, o bien, adjunte el rider t\u00e9cnico de su espect\u00e1culo que habilita la siguiente casilla\" value=\"\" type=\"text\" name=\"your-audiosonido\" \/><\/span><\/label>\n<\/p>\n<p><label> Audio\/Sonido (Rider t\u00e9cnico)<br \/>\n<span class=\"wpcf7-form-control-wrap\" data-name=\"reel\"><input size=\"40\" class=\"wpcf7-form-control wpcf7-file\" accept=\"audio\/*,video\/*,image\/*\" aria-invalid=\"false\" type=\"file\" name=\"reel\" \/><\/span><\/label>\n<\/p>\n<p><label> <i>GRUPO MUSICAL, BANDA, CANTANTES: Adjunte documento en PDF con disposici\u00f3n esc\u00e9nica sugerida del grupo musical, etc. TEATRO, DANZA, DANZA TEATRO: declare cantidad de micr\u00f3fonos en simult\u00e1neo o puntos de microfon\u00eda con cable, o instrumentaci\u00f3n si tuviera, etc). SI SU ESPECT\u00c1CULO NO REQUIERE ESTE PUNTO, descarte esta casilla)*.<\/i><br \/>\n<span class=\"wpcf7-form-control-wrap\" data-name=\"pdfescena\"><input size=\"40\" class=\"wpcf7-form-control wpcf7-file wpcf7-validates-as-required\" accept=\"audio\/*,video\/*,image\/*\" aria-required=\"true\" aria-invalid=\"false\" type=\"file\" name=\"pdfescena\" \/><\/span><\/label>\n<\/p>\n<p><label> Nombre y Apellido T\u00e9cnico\/a operador\/a de Sonido<br \/>\n<span class=\"wpcf7-form-control-wrap\" data-name=\"your-nombreyapellidotecnicooperadorsonido\"><input size=\"40\" class=\"wpcf7-form-control wpcf7-text\" aria-invalid=\"false\" value=\"\" type=\"text\" name=\"your-nombreyapellidotecnicooperadorsonido\" \/><\/span> <\/label>\n<\/p>\n<p><label> Luces<br \/>\n<span class=\"wpcf7-form-control-wrap\" data-name=\"your-luces\"><input size=\"40\" class=\"wpcf7-form-control wpcf7-text\" aria-invalid=\"false\" value=\"\" type=\"text\" name=\"your-luces\" \/><\/span> \"Describa en el siguiente casillero las necesidades t\u00e9cnicas de ILUMINACI\u00d3N que requiere su show, o bien, adjunte el rider t\u00e9cnico de su espect\u00e1culo que habilita la siguiente casilla\"<\/label>\n<\/p>\n<p><label> <i>Adjunte documento en PDF con PLANTA LUM\u00cdNICA del espect\u00e1culo.<\/i><br \/>\n<span class=\"wpcf7-form-control-wrap\" data-name=\"plantaluminica\"><input size=\"40\" class=\"wpcf7-form-control wpcf7-file wpcf7-validates-as-required\" accept=\"audio\/*,video\/*,image\/*\" aria-required=\"true\" aria-invalid=\"false\" type=\"file\" name=\"plantaluminica\" \/><\/span><\/label>\n<\/p>\n<p><label> Proyector <i>\u00bfNecesita utilizar el proyector del teatro?<\/i><br \/>\n<span class=\"wpcf7-form-control-wrap\" data-name=\"proyector\"><select class=\"wpcf7-form-control wpcf7-select\" aria-invalid=\"false\" name=\"proyector\"><option value=\"\">&#8212;Por favor, elige una opci\u00f3n&#8212;<\/option><option value=\"Si\">Si<\/option><option value=\"No\">No<\/option><\/select><\/span> <\/label>\n<\/p>\n<p><label> Efectos especiales<br \/>\n<span class=\"wpcf7-form-control-wrap\" data-name=\"your-efectosespeciales\"><input size=\"40\" class=\"wpcf7-form-control wpcf7-text\" aria-invalid=\"false\" placeholder=\"Detalle aqu\u00ed, si su espect\u00e1culo cuenta con efectos especiales propios (nieve, burbujas, l\u00e1ser, etc).\" value=\"\" type=\"text\" name=\"your-efectosespeciales\" \/><\/span> <\/label>\n<\/p>\n<p><label> Nombre y Apellido T\u00e9cnico\/a operador\/a de Luces<br \/>\n<span class=\"wpcf7-form-control-wrap\" data-name=\"your-nombreyapellidotecnicooperadorluces\"><input size=\"40\" class=\"wpcf7-form-control wpcf7-text\" aria-invalid=\"false\" value=\"\" type=\"text\" name=\"your-nombreyapellidotecnicooperadorluces\" \/><\/span> <\/label>\n<\/p>\n<p><label> T\u00e9cnica Externa*<br \/>\n<span class=\"wpcf7-form-control-wrap\" data-name=\"your-tecnicaexterna\"><input size=\"40\" class=\"wpcf7-form-control wpcf7-text wpcf7-validates-as-required\" aria-required=\"true\" aria-invalid=\"false\" placeholder=\"Detalle aqu\u00ed si su espect\u00e1culo necesita participar en el espacio con t\u00e9cnica ajena a la que tiene el teatro (Pantalla LED, otras luces, anexo de audio, microfon\u00eda, etc.)\" value=\"\" type=\"text\" name=\"your-tecnicaexterna\" \/><\/span> <\/label>\n<\/p>\n<p><label><span class=\"wpcf7-form-control-wrap\" data-name=\"Aceptance\"><span class=\"wpcf7-form-control wpcf7-acceptance\"><span class=\"wpcf7-list-item\"><label><input type=\"checkbox\" name=\"Aceptance\" value=\"1\" aria-invalid=\"false\" \/><span class=\"wpcf7-list-item-label\">Queda terminantemente prohibido el uso de: fuego, l\u00edquidos corrosivos, decolorantes o elementos que da\u00f1en las superficies del espacio. Humo (Seg\u00fan ordenanza\/ decreto).<\/span><\/label><\/span><\/span><\/span><\/label>\n<\/p>\n<p><input class=\"wpcf7-form-control has-spinner wpcf7-submit\" type=\"submit\" value=\"Enviar\" \/>\n<\/p>\n<style>.wpcf7-form label {\n width: 100% !important;\n font-size: 18px;\n}\n<\/style><input type='hidden' class='wpcf7-pum' value='{\"closepopup\":false,\"closedelay\":0,\"openpopup\":false,\"openpopup_id\":0}' \/><div class=\"wpcf7-response-output\" aria-hidden=\"true\"><\/div>\n<\/form>\n<\/div>\n<\/div>\n\t\t\t\t<\/div>\n\t\t\t\t<\/div>\n\t\t\t\t<div class=\"elementor-element elementor-element-cfe0de3 elementor-widget elementor-widget-html\" data-id=\"cfe0de3\" data-element_type=\"widget\" data-widget_type=\"html.default\">\n\t\t\t\t<div class=\"elementor-widget-container\">\n\t\t\t<style>.jupiterx-main-content {\r\n    padding: 0px;\r\n}\r\ndiv#jupiterx-primary {\r\n    padding: 0px;\r\n}\r\n.container-fluid {\r\n    padding: 0px;\r\n}\r\narticle#\\39 {\r\n    margin-top: -15px;\r\n}\r\n<\/style>\t\t<\/div>\n\t\t\t\t<\/div>\n\t\t\t\t\t<\/div>\n\t\t<\/div>\n\t\t\t\t\t\t\t<\/div>\n\t\t<\/section>\n\t\t\t\t\t\t\t<\/div>\n\t\t","protected":false},"excerpt":{"rendered":"<p>Para solicitar audiencia para Programaci\u00f3n en la sala Teatro Quintanilla, te pedimos completes el siguiente formulario:<\/p>\n","protected":false},"author":1,"featured_media":0,"parent":255,"menu_order":0,"comment_status":"closed","ping_status":"closed","template":"","meta":{"om_disable_all_campaigns":false,"_mi_skip_tracking":false,"_monsterinsights_sitenote_active":false,"_monsterinsights_sitenote_note":"","_monsterinsights_sitenote_category":0,"_mc_calendar":[],"footnotes":""},"class_list":["post-95590","page","type-page","status-publish","hentry"],"acf":[],"aioseo_notices":[],"_links":{"self":[{"href":"https:\/\/espaciocultural.ciudaddemendoza.gob.ar\/index.php?rest_route=\/wp\/v2\/pages\/95590","targetHints":{"allow":["GET"]}}],"collection":[{"href":"https:\/\/espaciocultural.ciudaddemendoza.gob.ar\/index.php?rest_route=\/wp\/v2\/pages"}],"about":[{"href":"https:\/\/espaciocultural.ciudaddemendoza.gob.ar\/index.php?rest_route=\/wp\/v2\/types\/page"}],"author":[{"embeddable":true,"href":"https:\/\/espaciocultural.ciudaddemendoza.gob.ar\/index.php?rest_route=\/wp\/v2\/users\/1"}],"replies":[{"embeddable":true,"href":"https:\/\/espaciocultural.ciudaddemendoza.gob.ar\/index.php?rest_route=%2Fwp%2Fv2%2Fcomments&post=95590"}],"version-history":[{"count":10,"href":"https:\/\/espaciocultural.ciudaddemendoza.gob.ar\/index.php?rest_route=\/wp\/v2\/pages\/95590\/revisions"}],"predecessor-version":[{"id":95955,"href":"https:\/\/espaciocultural.ciudaddemendoza.gob.ar\/index.php?rest_route=\/wp\/v2\/pages\/95590\/revisions\/95955"}],"up":[{"embeddable":true,"href":"https:\/\/espaciocultural.ciudaddemendoza.gob.ar\/index.php?rest_route=\/wp\/v2\/pages\/255"}],"wp:attachment":[{"href":"https:\/\/espaciocultural.ciudaddemendoza.gob.ar\/index.php?rest_route=%2Fwp%2Fv2%2Fmedia&parent=95590"}],"curies":[{"name":"wp","href":"https:\/\/api.w.org\/{rel}","templated":true}]}}