{"id":95776,"date":"2021-10-13T01:30:27","date_gmt":"2021-10-13T01:30:27","guid":{"rendered":"https:\/\/espaciocultural.ciudaddemendoza.gob.ar\/?page_id=95776"},"modified":"2021-12-16T12:42:41","modified_gmt":"2021-12-16T12:42:41","slug":"conservacion-y-restauro","status":"publish","type":"page","link":"https:\/\/espaciocultural.ciudaddemendoza.gob.ar\/?page_id=95776","title":{"rendered":"Conservaci\u00f3n y Restauro"},"content":{"rendered":"\t\t<div data-elementor-type=\"wp-page\" data-elementor-id=\"95776\" class=\"elementor elementor-95776\">\n\t\t\t\t\t\t\t\t\t<section class=\"elementor-section elementor-top-section elementor-element elementor-element-e403089 elementor-section-boxed elementor-section-height-default elementor-section-height-default\" data-id=\"e403089\" data-element_type=\"section\" id=\"historia\" data-settings=\"{&quot;background_background&quot;:&quot;classic&quot;}\">\n\t\t\t\t\t\t<div class=\"elementor-container elementor-column-gap-default\">\n\t\t\t\t\t<div class=\"elementor-column elementor-col-100 elementor-top-column elementor-element elementor-element-349a17e\" data-id=\"349a17e\" data-element_type=\"column\">\n\t\t\t<div class=\"elementor-widget-wrap elementor-element-populated\">\n\t\t\t\t\t\t\t\t<section class=\"elementor-section elementor-inner-section elementor-element elementor-element-c770fe2 elementor-section-boxed elementor-section-height-default elementor-section-height-default\" data-id=\"c770fe2\" data-element_type=\"section\">\n\t\t\t\t\t\t<div class=\"elementor-container elementor-column-gap-default\">\n\t\t\t\t\t<div class=\"elementor-column elementor-col-50 elementor-inner-column elementor-element elementor-element-bdfda89\" data-id=\"bdfda89\" data-element_type=\"column\" data-settings=\"{&quot;background_background&quot;:&quot;classic&quot;}\">\n\t\t\t<div class=\"elementor-widget-wrap elementor-element-populated\">\n\t\t\t\t\t\t\t\t<div class=\"elementor-element elementor-element-4ca64eb animated-slow elementor-invisible elementor-widget elementor-widget-heading\" data-id=\"4ca64eb\" data-element_type=\"widget\" data-settings=\"{&quot;_animation&quot;:&quot;fadeIn&quot;,&quot;_animation_delay&quot;:500}\" data-widget_type=\"heading.default\">\n\t\t\t\t<div class=\"elementor-widget-container\">\n\t\t\t<h1 class=\"elementor-heading-title elementor-size-default\"><br>Laboratorio de     <b>Conservaci\u00f3n y Restauro<\/b><\/h1>\t\t<\/div>\n\t\t\t\t<\/div>\n\t\t\t\t<div class=\"elementor-element elementor-element-edda4dd elementor-widget elementor-widget-spacer\" data-id=\"edda4dd\" data-element_type=\"widget\" data-widget_type=\"spacer.default\">\n\t\t\t\t<div class=\"elementor-widget-container\">\n\t\t\t\t\t<div class=\"elementor-spacer\">\n\t\t\t<div class=\"elementor-spacer-inner\"><\/div>\n\t\t<\/div>\n\t\t\t\t<\/div>\n\t\t\t\t<\/div>\n\t\t\t\t\t<\/div>\n\t\t<\/div>\n\t\t\t\t<div class=\"elementor-column elementor-col-50 elementor-inner-column elementor-element elementor-element-fedc817\" data-id=\"fedc817\" data-element_type=\"column\">\n\t\t\t<div class=\"elementor-widget-wrap elementor-element-populated\">\n\t\t\t\t\t\t\t\t<div class=\"elementor-element elementor-element-d0d869d animated-slow elementor-widget elementor-widget-heading\" data-id=\"d0d869d\" data-element_type=\"widget\" data-settings=\"{&quot;_animation&quot;:&quot;none&quot;,&quot;_animation_delay&quot;:500}\" data-widget_type=\"heading.default\">\n\t\t\t\t<div class=\"elementor-widget-container\">\n\t\t\t<span class=\"elementor-heading-title elementor-size-default\">Nace en el a\u00f1o 2006-2008 a partir de la idea y ejecuci\u00f3n del proyecto para la conservaci\u00f3n preventiva de la Sala de Guarda del Patrimonio del Museo Municipal de Arte Moderno Mendoza, desarrollando a trav\u00e9s de los a\u00f1os las actividades relativas a la documentaci\u00f3n, organizaci\u00f3n, conservaci\u00f3n \/ restauraci\u00f3n y monitoreo de los fondos documentales y las colecciones tanto del Museo como del Municipio concernientes a las Artes Visuales como del patrimonio externo del museo en Ciudad de Mendoza.<\/span>\t\t<\/div>\n\t\t\t\t<\/div>\n\t\t\t\t<div class=\"elementor-element elementor-element-04141d3 animated-slow elementor-widget elementor-widget-heading\" data-id=\"04141d3\" data-element_type=\"widget\" data-settings=\"{&quot;_animation&quot;:&quot;none&quot;,&quot;_animation_delay&quot;:500}\" data-widget_type=\"heading.default\">\n\t\t\t\t<div class=\"elementor-widget-container\">\n\t\t\t<span class=\"elementor-heading-title elementor-size-default\"><li>La premisa fundamental del \u00c1rea se sustenta en incorporar el rescate de los bienes patrimoniales tanto del MMAMM como de la MUNICIPALIDAD DE LA CAPITAL, como parte de circuitos tur\u00edsticos y p\u00fablico visitante al museo a los fines de difundir nuestra cultura e historia. Desarrollar las actividades inherentes a la conservaci\u00f3n preventiva, a la conservaci\u00f3n y a la restauraci\u00f3n, desde las premisas y principios que establece las Cartas Latinoamericanas e internacionales. Fomentar la toma de conciencia sobre el rescate de los Bienes Patrimoniales de Mendoza; Promoviendo conductas sociales que induzcan al cuidado, respeto y valoraci\u00f3n por la obra de arte y su patrimonio. Documentar las investigaciones realizadas a fin de generar un aporte en la educaci\u00f3n a las diversas esferas de nuestra sociedad.<\/li><br>\n\n\n<li>Promover el estudio, perfeccionamiento y especializaci\u00f3n cr\u00edtica y cient\u00edfica de los profesionales y t\u00e9cnicos que conforman de manera permanente \u00e9ste Laboratorio de Conservaci\u00f3n y Restauraci\u00f3n para el pleno desempe\u00f1o de las actividades concernientes a la conservaci\u00f3n y restauraci\u00f3n de obras de arte y bienes culturales de acuerdo a los est\u00e1ndares de vanguardia internacional, a trav\u00e9s de cursos, jornadas, congresos, post-grados tanto nacionales como internacionales.<\/li>\n<\/span>\t\t<\/div>\n\t\t\t\t<\/div>\n\t\t\t\t<div class=\"elementor-element elementor-element-9c5ef49 animated-slow elementor-widget elementor-widget-heading\" data-id=\"9c5ef49\" data-element_type=\"widget\" data-settings=\"{&quot;_animation&quot;:&quot;none&quot;,&quot;_animation_delay&quot;:500}\" data-widget_type=\"heading.default\">\n\t\t\t\t<div class=\"elementor-widget-container\">\n\t\t\t<span class=\"elementor-heading-title elementor-size-default\">La creaci\u00f3n e inauguraci\u00f3n no solo desde los requerimientos edilicios sino tambi\u00e9n la conformaci\u00f3n de este \u201cCENTRO \/ LABORATORIO DE CONSERVACI\u00d2N \u2013 RESTAURACI\u00d2N\u201d con equipamiento de vanguardia sin precedentes en el interior del pa\u00eds permitir\u00e1: <\/span>\t\t<\/div>\n\t\t\t\t<\/div>\n\t\t\t\t<div class=\"elementor-element elementor-element-c87074a animated-slow elementor-widget elementor-widget-heading\" data-id=\"c87074a\" data-element_type=\"widget\" data-settings=\"{&quot;_animation&quot;:&quot;none&quot;,&quot;_animation_delay&quot;:500}\" data-widget_type=\"heading.default\">\n\t\t\t\t<div class=\"elementor-widget-container\">\n\t\t\t<span class=\"elementor-heading-title elementor-size-default\"><li>Ser reconocido por C\u00f3digo de Deodontolog\u00eda del Consejo Internacional de Museos (ICOM), los Principios B\u00e1sicos de Restauraci\u00f3n para la conservaci\u00f3n del patrimonio seg\u00fan la Antolog\u00eda de Documentos Internacionales. (Instituto Nacional de Antropolog\u00eda e Historia. Coordinaci\u00f3n Nacional de Monumentos Hist\u00f3ricos) seg\u00fan el ICOMOS; Consejo Internacional de Monumentos y Sitios, organismo tutelar para la salvaguardia y criterios de la restauraci\u00f3n del patrimonio cultural.<\/li>\n<br>\n<li>Realizar investigaci\u00f3n de punta para promover el desarrollo de metodolog\u00edas de estudio donde se aprovechen los recursos y las herramientas de las ciencias f\u00edsico- qu\u00edmicas, tecnol\u00f3gicas como la fotograf\u00eda especializada, la microscop\u00eda, etc. y los nuevos argumentos de las teor\u00edas de la conservaci\u00f3n y restauraci\u00f3n para el estudio de obras de arte y trabajos de investigaci\u00f3n.<\/li>\n<br>\n<li>Hacer de las Investigaciones Est\u00e9ticas, operante en su ejercicio y funcionamiento de manera multi e interdisciplinaria con las diversas instituciones municipales, provinciales, nacionales, e internacionales.<\/li>\n<\/span>\t\t<\/div>\n\t\t\t\t<\/div>\n\t\t\t\t<div class=\"elementor-element elementor-element-1a5eda9 animated-slow elementor-widget elementor-widget-heading\" data-id=\"1a5eda9\" data-element_type=\"widget\" data-settings=\"{&quot;_animation&quot;:&quot;none&quot;,&quot;_animation_delay&quot;:500}\" data-widget_type=\"heading.default\">\n\t\t\t\t<div class=\"elementor-widget-container\">\n\t\t\t<span class=\"elementor-heading-title elementor-size-default\">\u201cLos Bienes Culturales o Patrimoniales son un medio de comunicaci\u00f3n intransferible, \u00fanico, porque son testimonios que nos revelan la Identidad del Hombre, de un Pueblo, de una Naci\u00f3n, de una \u00c9poca, son parte de la Historia de Mendoza, por eso hacer su Conservaci\u00f3n es proteger el Futuro\u201d.<\/span>\t\t<\/div>\n\t\t\t\t<\/div>\n\t\t\t\t\t<\/div>\n\t\t<\/div>\n\t\t\t\t\t\t\t<\/div>\n\t\t<\/section>\n\t\t\t\t<div class=\"elementor-element elementor-element-cfe0de3 elementor-widget elementor-widget-html\" data-id=\"cfe0de3\" data-element_type=\"widget\" data-widget_type=\"html.default\">\n\t\t\t\t<div class=\"elementor-widget-container\">\n\t\t\t<style>.jupiterx-main-content {\r\n    padding: 0px;\r\n}\r\ndiv#jupiterx-primary {\r\n    padding: 0px;\r\n}\r\n.container-fluid {\r\n    padding: 0px;\r\n}\r\narticle#\\39 {\r\n    margin-top: -15px;\r\n}\r\n<\/style>\t\t<\/div>\n\t\t\t\t<\/div>\n\t\t\t\t\t<\/div>\n\t\t<\/div>\n\t\t\t\t\t\t\t<\/div>\n\t\t<\/section>\n\t\t\t\t\t\t\t<\/div>\n\t\t","protected":false},"excerpt":{"rendered":"<p>Laboratorio de Conservaci\u00f3n y Restauro Nace en el a\u00f1o 2006-2008 a partir de la idea y ejecuci\u00f3n del proyecto para la conservaci\u00f3n preventiva de la Sala de Guarda del Patrimonio del Museo Municipal de Arte Moderno Mendoza, desarrollando a trav\u00e9s de los a\u00f1os las actividades relativas a la documentaci\u00f3n, organizaci\u00f3n, conservaci\u00f3n \/ restauraci\u00f3n y monitoreo [&hellip;]<\/p>\n","protected":false},"author":1,"featured_media":0,"parent":0,"menu_order":0,"comment_status":"closed","ping_status":"closed","template":"","meta":{"om_disable_all_campaigns":false,"_mi_skip_tracking":false,"_monsterinsights_sitenote_active":false,"_monsterinsights_sitenote_note":"","_monsterinsights_sitenote_category":0,"_mc_calendar":[],"footnotes":""},"class_list":["post-95776","page","type-page","status-publish","hentry"],"acf":[],"aioseo_notices":[],"_links":{"self":[{"href":"https:\/\/espaciocultural.ciudaddemendoza.gob.ar\/index.php?rest_route=\/wp\/v2\/pages\/95776","targetHints":{"allow":["GET"]}}],"collection":[{"href":"https:\/\/espaciocultural.ciudaddemendoza.gob.ar\/index.php?rest_route=\/wp\/v2\/pages"}],"about":[{"href":"https:\/\/espaciocultural.ciudaddemendoza.gob.ar\/index.php?rest_route=\/wp\/v2\/types\/page"}],"author":[{"embeddable":true,"href":"https:\/\/espaciocultural.ciudaddemendoza.gob.ar\/index.php?rest_route=\/wp\/v2\/users\/1"}],"replies":[{"embeddable":true,"href":"https:\/\/espaciocultural.ciudaddemendoza.gob.ar\/index.php?rest_route=%2Fwp%2Fv2%2Fcomments&post=95776"}],"version-history":[{"count":37,"href":"https:\/\/espaciocultural.ciudaddemendoza.gob.ar\/index.php?rest_route=\/wp\/v2\/pages\/95776\/revisions"}],"predecessor-version":[{"id":97060,"href":"https:\/\/espaciocultural.ciudaddemendoza.gob.ar\/index.php?rest_route=\/wp\/v2\/pages\/95776\/revisions\/97060"}],"wp:attachment":[{"href":"https:\/\/espaciocultural.ciudaddemendoza.gob.ar\/index.php?rest_route=%2Fwp%2Fv2%2Fmedia&parent=95776"}],"curies":[{"name":"wp","href":"https:\/\/api.w.org\/{rel}","templated":true}]}}