{"id":97383,"date":"2022-03-16T12:15:57","date_gmt":"2022-03-16T12:15:57","guid":{"rendered":"https:\/\/espaciocultural.ciudaddemendoza.gob.ar\/?page_id=97383"},"modified":"2022-03-16T13:30:27","modified_gmt":"2022-03-16T13:30:27","slug":"elementor-97383","status":"publish","type":"page","link":"https:\/\/espaciocultural.ciudaddemendoza.gob.ar\/?page_id=97383","title":{"rendered":"Reconstrucci\u00f3n: un relato de la artes visuales de Mendoza"},"content":{"rendered":"\t\t<div data-elementor-type=\"wp-page\" data-elementor-id=\"97383\" class=\"elementor elementor-97383\">\n\t\t\t\t\t\t\t\t\t<section class=\"elementor-section elementor-top-section elementor-element elementor-element-e03e2ae elementor-section-boxed elementor-section-height-default elementor-section-height-default\" data-id=\"e03e2ae\" data-element_type=\"section\">\n\t\t\t\t\t\t<div class=\"elementor-container elementor-column-gap-default\">\n\t\t\t\t\t<div class=\"elementor-column elementor-col-100 elementor-top-column elementor-element elementor-element-3ae7db7\" data-id=\"3ae7db7\" data-element_type=\"column\">\n\t\t\t<div class=\"elementor-widget-wrap elementor-element-populated\">\n\t\t\t\t\t\t\t\t<div class=\"elementor-element elementor-element-21d975f elementor-widget elementor-widget-heading\" data-id=\"21d975f\" data-element_type=\"widget\" data-widget_type=\"heading.default\">\n\t\t\t\t<div class=\"elementor-widget-container\">\n\t\t\t<h2 class=\"elementor-heading-title elementor-size-default\">Reconstrucci\u00f3n: un relato de la artes visuales  de Mendoza<\/h2>\t\t<\/div>\n\t\t\t\t<\/div>\n\t\t\t\t\t<\/div>\n\t\t<\/div>\n\t\t\t\t\t\t\t<\/div>\n\t\t<\/section>\n\t\t\t\t<section class=\"elementor-section elementor-top-section elementor-element elementor-element-a48cb17 elementor-section-boxed elementor-section-height-default elementor-section-height-default\" data-id=\"a48cb17\" data-element_type=\"section\">\n\t\t\t\t\t\t<div class=\"elementor-container elementor-column-gap-default\">\n\t\t\t\t\t<div class=\"elementor-column elementor-col-100 elementor-top-column elementor-element elementor-element-72f3a9e\" data-id=\"72f3a9e\" data-element_type=\"column\">\n\t\t\t<div class=\"elementor-widget-wrap elementor-element-populated\">\n\t\t\t\t\t\t\t\t<div class=\"elementor-element elementor-element-356b57c elementor-widget elementor-widget-text-editor\" data-id=\"356b57c\" data-element_type=\"widget\" data-widget_type=\"text-editor.default\">\n\t\t\t\t<div class=\"elementor-widget-container\">\n\t\t\t\t\t\t\t<p><span style=\"font-weight: 400;\">Desde el 17 de octubre de 2021 al 13 de marzo de 2022, se llev\u00f3 a cabo la exposici\u00f3n de reapertura del Espacio Cultural Plaza Independencia. Con curadur\u00eda a cargo del Lic. en Historia del Arte Pablo Chiavazza y staff del MMAMM. Con el fin de fomentar el conocimiento sobre nuestra modernidad art\u00edstica a partir de una narrativa hist\u00f3rica en la que se destacan procesos, tendencias, obras y artistas desde los a\u00f1os 30 hasta los a\u00f1os 80, cuyas l\u00edneas rectoras son la relaci\u00f3n entre arte y ciudad, como as\u00ed tambi\u00e9n el rol hist\u00f3rico cumplido por el MMAMM desde su creaci\u00f3n. Se trata de proponer un recorrido por la historia del arte local y exhibir los modos en que nuestros artistas produjeron respuestas est\u00e9ticas a nuestras problem\u00e1ticas culturales comunes. Por ello, el museo se presenta como el espacio en el que es posible repensarnos como sociedad a partir de las representaciones art\u00edsticas que resguarda.<\/span><\/p>\t\t\t\t\t\t<\/div>\n\t\t\t\t<\/div>\n\t\t\t\t\t<\/div>\n\t\t<\/div>\n\t\t\t\t\t\t\t<\/div>\n\t\t<\/section>\n\t\t\t\t<section class=\"elementor-section elementor-top-section elementor-element elementor-element-75209d1 elementor-section-boxed elementor-section-height-default elementor-section-height-default\" data-id=\"75209d1\" data-element_type=\"section\">\n\t\t\t\t\t\t<div class=\"elementor-container elementor-column-gap-default\">\n\t\t\t\t\t<div class=\"elementor-column elementor-col-100 elementor-top-column elementor-element elementor-element-1c50253\" data-id=\"1c50253\" data-element_type=\"column\">\n\t\t\t<div class=\"elementor-widget-wrap elementor-element-populated\">\n\t\t\t\t\t\t\t\t<div class=\"elementor-element elementor-element-00b030d elementor-align-center elementor-widget elementor-widget-button\" data-id=\"00b030d\" data-element_type=\"widget\" data-widget_type=\"button.default\">\n\t\t\t\t<div class=\"elementor-widget-container\">\n\t\t\t\t\t<div class=\"elementor-button-wrapper\">\n\t\t\t<a href=\"https:\/\/drive.google.com\/file\/d\/1rltRXOJoH94sh5fZABpflV6BR_2c8s0m\/view?usp=sharing\" class=\"elementor-button-link elementor-button elementor-size-lg\" role=\"button\">\n\t\t\t\t\t\t<span class=\"elementor-button-content-wrapper\">\n\t\t\t\t\t\t<span class=\"elementor-button-text\">CAT\u00c1LOGO VIRTUAL: RECONSTRUCCI\u00d3N<\/span>\n\t\t<\/span>\n\t\t\t\t\t<\/a>\n\t\t<\/div>\n\t\t\t\t<\/div>\n\t\t\t\t<\/div>\n\t\t\t\t\t<\/div>\n\t\t<\/div>\n\t\t\t\t\t\t\t<\/div>\n\t\t<\/section>\n\t\t\t\t\t\t\t<\/div>\n\t\t","protected":false},"excerpt":{"rendered":"<p>Reconstrucci\u00f3n: un relato de la artes visuales de Mendoza Desde el 17 de octubre de 2021 al 13 de marzo de 2022, se llev\u00f3 a cabo la exposici\u00f3n de reapertura del Espacio Cultural Plaza Independencia. Con curadur\u00eda a cargo del Lic. en Historia del Arte Pablo Chiavazza y staff del MMAMM. Con el fin de [&hellip;]<\/p>\n","protected":false},"author":10,"featured_media":0,"parent":0,"menu_order":0,"comment_status":"closed","ping_status":"closed","template":"","meta":{"om_disable_all_campaigns":false,"_mi_skip_tracking":false,"_monsterinsights_sitenote_active":false,"_monsterinsights_sitenote_note":"","_monsterinsights_sitenote_category":0,"_mc_calendar":[],"footnotes":""},"class_list":["post-97383","page","type-page","status-publish","hentry"],"acf":[],"aioseo_notices":[],"_links":{"self":[{"href":"https:\/\/espaciocultural.ciudaddemendoza.gob.ar\/index.php?rest_route=\/wp\/v2\/pages\/97383","targetHints":{"allow":["GET"]}}],"collection":[{"href":"https:\/\/espaciocultural.ciudaddemendoza.gob.ar\/index.php?rest_route=\/wp\/v2\/pages"}],"about":[{"href":"https:\/\/espaciocultural.ciudaddemendoza.gob.ar\/index.php?rest_route=\/wp\/v2\/types\/page"}],"author":[{"embeddable":true,"href":"https:\/\/espaciocultural.ciudaddemendoza.gob.ar\/index.php?rest_route=\/wp\/v2\/users\/10"}],"replies":[{"embeddable":true,"href":"https:\/\/espaciocultural.ciudaddemendoza.gob.ar\/index.php?rest_route=%2Fwp%2Fv2%2Fcomments&post=97383"}],"version-history":[{"count":11,"href":"https:\/\/espaciocultural.ciudaddemendoza.gob.ar\/index.php?rest_route=\/wp\/v2\/pages\/97383\/revisions"}],"predecessor-version":[{"id":97396,"href":"https:\/\/espaciocultural.ciudaddemendoza.gob.ar\/index.php?rest_route=\/wp\/v2\/pages\/97383\/revisions\/97396"}],"wp:attachment":[{"href":"https:\/\/espaciocultural.ciudaddemendoza.gob.ar\/index.php?rest_route=%2Fwp%2Fv2%2Fmedia&parent=97383"}],"curies":[{"name":"wp","href":"https:\/\/api.w.org\/{rel}","templated":true}]}}

Reconstrucción: un relato de la artes visuales de Mendoza

<div data-elementor-type="wp-page" data-elementor-id="97383" class="elementor elementor-97383">
									<section class="elementor-section elementor-top-section elementor-element elementor-element-e03e2ae elementor-section-boxed elementor-section-height-default elementor-section-height-default" data-id="e03e2ae" data-element_type="section">
						<div class="elementor-container elementor-column-gap-default">
					<div class="elementor-column elementor-col-100 elementor-top-column elementor-element elementor-element-3ae7db7" data-id="3ae7db7" data-element_type="column">
			<div class="elementor-widget-wrap elementor-element-populated">
								<div class="elementor-element elementor-element-21d975f elementor-widget elementor-widget-heading" data-id="21d975f" data-element_type="widget" data-widget_type="heading.default">
				<div class="elementor-widget-container">
			<h2 class="elementor-heading-title elementor-size-default">Reconstrucción: un relato de la artes visuales  de Mendoza</h2>		</div>
				</div>
					</div>
		</div>
							</div>
		</section>
				<section class="elementor-section elementor-top-section elementor-element elementor-element-a48cb17 elementor-section-boxed elementor-section-height-default elementor-section-height-default" data-id="a48cb17" data-element_type="section">
						<div class="elementor-container elementor-column-gap-default">
					<div class="elementor-column elementor-col-100 elementor-top-column elementor-element elementor-element-72f3a9e" data-id="72f3a9e" data-element_type="column">
			<div class="elementor-widget-wrap elementor-element-populated">
								<div class="elementor-element elementor-element-356b57c elementor-widget elementor-widget-text-editor" data-id="356b57c" data-element_type="widget" data-widget_type="text-editor.default">
				<div class="elementor-widget-container">
							<p><span style="font-weight: 400;">Desde el 17 de octubre de 2021 al 13 de marzo de 2022, se llevó a cabo la exposición de reapertura del Espacio Cultural Plaza Independencia. Con curaduría a cargo del Lic. en Historia del Arte Pablo Chiavazza y staff del MMAMM. Con el fin de fomentar el conocimiento sobre nuestra modernidad artística a partir de una narrativa histórica en la que se destacan procesos, tendencias, obras y artistas desde los años 30 hasta los años 80, cuyas líneas rectoras son la relación entre arte y ciudad, como así también el rol histórico cumplido por el MMAMM desde su creación. Se trata de proponer un recorrido por la historia del arte local y exhibir los modos en que nuestros artistas produjeron respuestas estéticas a nuestras problemáticas culturales comunes. Por ello, el museo se presenta como el espacio en el que es posible repensarnos como sociedad a partir de las representaciones artísticas que resguarda.</span></p>						</div>
				</div>
					</div>
		</div>
							</div>
		</section>
				<section class="elementor-section elementor-top-section elementor-element elementor-element-75209d1 elementor-section-boxed elementor-section-height-default elementor-section-height-default" data-id="75209d1" data-element_type="section">
						<div class="elementor-container elementor-column-gap-default">
					<div class="elementor-column elementor-col-100 elementor-top-column elementor-element elementor-element-1c50253" data-id="1c50253" data-element_type="column">
			<div class="elementor-widget-wrap elementor-element-populated">
								<div class="elementor-element elementor-element-00b030d elementor-align-center elementor-widget elementor-widget-button" data-id="00b030d" data-element_type="widget" data-widget_type="button.default">
				<div class="elementor-widget-container">
					<div class="elementor-button-wrapper">
			<a href="https://drive.google.com/file/d/1rltRXOJoH94sh5fZABpflV6BR_2c8s0m/view?usp=sharing" class="elementor-button-link elementor-button elementor-size-lg" role="button">
						<span class="elementor-button-content-wrapper">
						<span class="elementor-button-text">CATÁLOGO VIRTUAL: RECONSTRUCCIÓN</span>
		</span>
					</a>
		</div>
				</div>
				</div>
					</div>
		</div>
							</div>
		</section>
							</div>

<p>Reconstrucción: un relato de la artes visuales de Mendoza Desde el 17 de octubre de 2021 al 13 de marzo de 2022, se llevó a cabo la exposición de reapertura del Espacio Cultural Plaza Independencia. Con curaduría a cargo del Lic. en Historia del Arte Pablo Chiavazza y staff del MMAMM. Con el fin de [&hellip;]</p>
